 j?
18
Suppose 46*b = 31 + 291. Let x(m) = -7*m. Let v be x(-8). Calculate the greatest common factor of v and b.
7
Suppose y - 96 = -2*y. Let r = y - 7. What is the greatest common divisor of 200 and r?
25
Suppose 0 = 2*d - 4*c, 3*d + 2*d = 2*c. Suppose -x + 5*x - 216 = d. What is the greatest common divisor of 6 and x?
6
Suppose 0 = -4*u - 0*u + 32. Let p(h) = 3*h + 9. Let g be p(u). Let k(r) = r**2 + 5*r - 2. Let i be k(3). What is the highest common factor of g and i?
11
Let s(b) = b**3 - 6*b**2 + 16*b - 28. Let u be s(4). What is the greatest common divisor of u and 146?
2
Let y = 940 + -933. Calculate the greatest common factor of y and 413.
7
Let d be 1/(-1 + (-46)/(-45)). Let b = d - 24. What is the highest common factor of b and 63?
21
Let d(j) = 46*j + 15. Let g be d(-5). Let i = g + 303. Calculate the highest common factor of 8 and i.
8
Let f = -34 + 36. Let q be 18/9 - (-4)/f. Suppose -4*z = -m - 43, -3*z - q*m - m = -61. Calculate the highest common factor of 84 and z.
12
Suppose -c - 2*t + 25 = 0, -27*c + 136 = -22*c - t. Calculate the highest common divisor of 63 and c.
9
Let a be 3 - 8/((-8)/285). Let x be (10/(-4))/((-12)/a). Calculate the greatest common factor of x and 12.
12
Suppose 2*r - 13 = -5, 2*w = 4*r + 280. Let s be (2 - 0/(-3)) + -1. Let p be (-1 + (3 - -35))*s. What is the highest common divisor of p and w?
37
Suppose g = -0*g + 2. Suppose 32*f + 104 = 6*f. Let d be ((-2)/f)/(1/g). What is the highest common divisor of 9 and d?
1
Let v(c) = c**3 + 13*c**2 + 12*c. Let l be v(-12). Suppose 3*m - 4*h - 70 - 49 = l, -m - 4*h + 61 = 0. What is the highest common factor of m and 9?
9
Let g be 3*(2 + -3 - -28). Let m = 191 - g. Let y be (-1881)/(-165) - 2/5. Calculate the highest common factor of m and y.
11
Suppose 3*u - m - 91 = 0, m - 7 = -u + 6*m. Let f(a) = 3*a + 12. Let j be f(-5). Let b be ((-48)/10)/(j/180). What is the greatest common divisor of b and u?
32
Let u be -2 + ((-8)/(-6))/((-4)/(-12)). Suppose -12 = -10*m + 4*m. Calculate the greatest common divisor of m and u.
2
Let x = -146 + 150. Let n = -51 + 21. Let z be -3 - (1 + -2) - n. Calculate the highest common divisor of x and z.
4
Suppose 14*u + 119 = 2471. What is the highest common divisor of u and 112?
56
Suppose 2*t + 43 = 4*t + 5*m, 5*m + 2 = 3*t. Let f = 21 - t. Calculate the highest common divisor of f and 36.
12
Suppose 0*r + d - 30 = -2*r, -5*r + 66 = -2*d. Calculate the greatest common factor of 574 and r.
14
Suppose 3*j - 135 = 3*y, -11 + 71 = j + 4*y. What is the highest common factor of 168 and j?
24
Suppose -2*r + 27 = -5*r. Let y(n) = -n + 4. Let x be y(r). Let u be (-7 + 4)/(6/(-26)). Calculate the greatest common factor of x and u.
13
Let v = -262 - -487. Let u be 4/(72/30 + (-6)/15). Suppose u + 3 = f + 5*a, 2*f - 2*a - 58 = 0. Calculate the highest common divisor of v and f.
25
Let t(p) = 7*p**2 - 14*p + 1. Let i be t(2). What is the greatest common divisor of 1 and i?
1
Let z(v) = 4*v - 41. Let x be z(14). What is the highest common factor of 45 and x?
15
Let l(g) = -2*g**3 - 5*g**2 + 3*g. Let o be l(-4). Let v be (-1 - 0)/((-9)/o). Let p(s) = s + 6. Let q be p(6). What is the greatest common factor of q and v?
4
Suppose -6 - 4 = -3*t - 4*f, -5*t + 2*f = -60. Let b be (-4)/t - 4901/(-65). What is the greatest common divisor of b and 25?
25
Suppose 4*s = 5*b + 625, -468 = -5*s + 2*s + 4*b. What is the greatest common divisor of s and 32?
32
Let c = -2178 + 2464. What is the highest common factor of 88 and c?
22
Let g be ((-341)/55 + 7)*(-45)/(-2). Calculate the highest common divisor of g and 4.
2
Let n be 33/(9/12*2). Suppose -118 - 113 = -7*m. What is the highest common divisor of n and m?
11
Suppose -46 = -4*v - 6. Suppose -v*l = -l - 216. What is the highest common divisor of l and 96?
24
Let d(y) = -y**2 - 6*y + 3. Let f be d(-5). Suppose -27*p = 5*c - 30*p - 25, 2*c + 16 = -4*p. Calculate the highest common factor of f and c.
2
Suppose -2*a = -4*i - 34, -4*a + a - 3*i = -24. What is the highest common divisor of a and 99?
11
Let v(x) = 2 - 8 + 9*x - 12*x. Let a be v(-5). Suppose -5*k + 6*w - w - 15 = 0, -2*k - 18 = -5*w. Calculate the highest common divisor of k and a.
1
Let c(f) = -1 + 2*f**2 + 6*f**2 - 2*f**2. Let b be c(1). Let k(s) = 3*s**2 + 146*s + 290. Let j be k(-47). What is the highest common factor of j and b?
5
Suppose 2*m - 451 = 3*x + 3*m, 3*x = -2*m - 455. Let j = -69 - x. What is the highest common divisor of j and 32?
16
Let n(c) = 32*c + 177. Let r be n(-4). Suppose 3 = -m + 5*o, -o + 2*o = -5*m + 37. Calculate the highest common factor of m and r.
7
Let s be 3 + (-10)/5 + 90. Suppose s = 4*r - 29. Calculate the highest common divisor of 150 and r.
30
Let q(n) = 9*n**2 - 17*n + 8. Let s be q(6). What is the greatest common divisor of s and 138?
46
Suppose c = 12 + 18. Suppose 2*i + 3 = -i. Let r be (i - -11) + -3 - 2. Calculate the greatest common divisor of c and r.
5
Let y(x) = -16*x + 5. Let v(i) = -i. Let c be v(-2). Let w be y(c). Let b = -18 - w. Calculate the greatest common factor of b and 63.
9
Suppose -39 = -4*h + r, 10*h + 2*r = 12*h - 24. Calculate the greatest common divisor of h and 36.
9
Let j be (60775/(-39))/(-25) + (-4)/(-6). What is the highest common factor of 28 and j?
7
Suppose 5*l = -k + 1353, -2*l - 2*l - 2*k + 1086 = 0. Calculate the highest common factor of 20 and l.
10
Suppose -11 = -2*x + 2*p + 173, 0 = -5*p. Let d = -50 + 73. What is the greatest common divisor of d and x?
23
Let c(x) = x**2 - 14*x + 20. Let l be c(-6). Calculate the highest common factor of 56 and l.
28
Suppose 0 = -0*p - 20*p + 160. Calculate the greatest common factor of 8 and p.
8
Let k(x) = -3*x**3 + 14*x**2 + 32*x + 1. Let i be k(-3). Calculate the greatest common divisor of i and 464.
16
Let i be (-50)/(-8) + 6 + 147/(-28). Calculate the greatest common divisor of i and 14.
7
Let h be (171/3)/((-24)/(-16)). Calculate the greatest common factor of 38 and h.
38
Suppose -3*x + 88 = -11. Suppose 5*o + x = c, -8*o - 5 = -7*o. Calculate the highest common factor of c and 88.
8
Suppose 0 = -2*x - 3*x + 245. Suppose 0 = -5*p - 25, -w - p = -5*w + x. What is the highest common divisor of 99 and w?
11
Let s = -16 - -187. Calculate the highest common divisor of s and 114.
57
Let g = -28 + 3. Let c = g + 31. Calculate the greatest common divisor of c and 66.
6
Let j(y) = -2*y**3 - 8*y**2 - 9*y - 5. Let m be j(-7). Let p = 185 - 153. Calculate the highest common factor of m and p.
32
Suppose 2*j + k - 179 = 0, -4*k + 446 = -41*j + 46*j. What is the highest common divisor of 10 and j?
10
Let z be 21/((-63)/(-78)) - -11. Calculate the highest common divisor of z and 1.
1
Let j be (-18)/(-8) + 2/(-8). Let s be j/(-8) + 21/4. Suppose 3*i - 12 = 0, -3*l - 17*i + 21*i = -149. Calculate the highest common factor of s and l.
5
Suppose 2*b = 5*m - 579, 8*b - 9*b = -5*m + 577. Calculate the greatest common factor of m and 5.
5
Suppose -5*a - 6*n = -n + 15, a - 2*n = 9. Suppose 3*y - 7 = -q, -y = 4*y - q - a. Let i = -1 + 2. Calculate the highest common factor of i and y.
1
Suppose -39 = -p - 3*v, -3*v - 1 = p - 8*v. What is the greatest common divisor of 168 and p?
24
Let l = 86 + -36. Let u(r) = -6*r + 88. Let q be u(14). Suppose q*k - 12 = 28. What is the highest common divisor of l and k?
10
Suppose -55*u + 280 + 126 = 76. Suppose -n = -3*n + 18. Calculate the highest common divisor of n and u.
3
Suppose 0 = -6*c - 47 - 31. Let j(b) = -b**3 - 13*b**2 - 3*b - 9. Let k be j(c). Calculate the highest common factor of 30 and k.
30
Let m(h) = -h**2 - 4*h - 3. Let q be m(-2). Let k = 681 - 672. What is the highest common divisor of q and k?
1
Suppose -66*f + 13320 = -61*f. Let z be 6/(-21) - (0 + f/(-14)). Calculate the greatest common factor of 76 and z.
38
Suppose 0 = -2*h + 2*s + 16, 4*s = 4*h - 2*h - 20. Let l be (-2)/h*(-38 + -1). Let x be ((-1573)/22)/(2/(-4)). Calculate the highest common factor of x and l.
13
Let h(a) = -18*a + 18. Let b be h(-3). Calculate the greatest common divisor of 864 and b.
72
Let h(u) = -2*u**2 + 2*u + 630. Let g be h(0). Suppose -781 = -5*d - 3*p, -d + g = 3*d + 5*p. What is the greatest common divisor of 31 and d?
31
Suppose -34*o - 2574 = -47*o. What is the greatest common divisor of o and 176?
